
Let i(m) = -4*m - 1. Suppose 3*p = 2*w + 8, 4 = -2*p - 2*w - 4. Suppose 5*s - 5*k + 25 = 0, 3*s + 2*s + k + 1 = p. Let d be s - (2/(-1) - 0). What is i(d)?
-5
Let x = -26 - -30. Let c(y) = y**3 - 4*y**2 - y + 4. What is c(x)?
0
Let t(y) = y**3 - 5*y**2 + 3*y - 6. Let f(g) = g**2 + 4*g + 5. Let h be f(-2). Let c be 6 - 2 - (-1)/h. What is t(c)?
9
Let d be 1/(-3) + (-30)/(-9). Suppose -d*k + p = -p - 41, 5*k - 3*p = 69. Let f be k/4 + (-2)/(-8). Let a(w) = w + 2. Determine a(f).
6
Let u(h) = h + 9. Suppose 4*j = 6 - 34. Give u(j).
2
Let h(c) = 11*c**3 - 21*c**2 - 29*c - 14. Let z(q) = -4*q**3 + 7*q**2 + 10*q + 5. Let l(n) = 3*h(n) + 8*z(n). What is l(8)?
6
Let l(i) = 0*i**2 - 151*i - 7 + 82*i - i**2 + 79*i. Calculate l(9).
2
Let x(w) = 4*w**2 - 12*w**2 - 6 + 8*w**2 - w - w**2. Let n(b) = -b - 3. Let s be n(-3). Suppose -t + 4*t = s. Calculate x(t).
-6
Suppose 4*t + 0 = 4*o + 8, 5*t + 30 = -3*o. Let l(b) be the third derivative of b**4/12 + b**3/2 + 2*b**2. Give l(o).
-7
Suppose s - x = -s, 4*s = -4*x. Suppose 2*w + s = -8. Let d(i) be the first derivative of i**2/2 + 2*i - 1. Determine d(w).
-2
Suppose 4*j + 7 = -5. Suppose 8*o = -5*x + 4*o + 10, 3*x - 6 = 5*o. Let w(g) = 3*g - g + x + 2. Calculate w(j).
-2
Let z be 1/4 + (-34)/8. Let a = 1 + z. Let c = a - 0. Let d(l) = l + 2. Determine d(c).
-1
Let o(z) = 2 - 4*z - 3*z + 3*z - 1. Determine o(3).
-11
Let q(m) = -8*m - 2*m + 2*m**3 + 1 + 11*m + 4*m**3 - m**2. Calculate q(-1).
-7
Let s(m) = m**3 + 2. Suppose -3*i + a + 2*a = -9, -2*i - 9 = 3*a. Suppose i = -2*j - j. Determine s(j).
2
Let y(p) = -p**3 + 5*p**2 - 2*p + 7. Let i(t) = -2 + 2 - t**2 - 3 - 4*t. Let g be i(-2). Let v be (13 - 3)/(3 - g). Give y(v).
-3
Let o(f) be the third derivative of f**4/24 - f**3/3 - 4*f**2. Let v be (0 - -1) + (-2 - -1). Give o(v).
-2
Let f(u) = -3*u - 4. Suppose -2*w = -10, 2*w - 18 = 4*r - 0*r. Let h be ((-4)/(-6) + r)*3. Determine f(h).
8
Let a(d) = d + 7. Let o be -15*3/((-30)/(-4)). Let l be a(o). Suppose v = -l - 4. Let y(t) = -2*t - 5. Calculate y(v).
5
Let d(t) = t**2 - 2*t - 2. Let i be d(3). Let m be ((-6)/(-7))/(i/7). Let z(w) = -w**2 + 6*w + 5. What is z(m)?
5
Let d(l) = 2 - 3 + 2 + 4*l + 0. Calculate d(-3).
-11
Suppose 22 = l - 5*i, 2*i + 3*i = -2*l - 16. Let o(r) = -4*r - 5 + l*r + r. Let d(b) = -b**2 + b + 2. Let y be d(2). Determine o(y).
-5
Let h(i) = -i**3 - 5*i**2 - 4*i - 5. Suppose -5*r = -r + 4. Let x = r + -3. What is h(x)?
-5
Let t(y) = -2*y + 2. Let n be (-3)/2*8/(-6). Let m(i) = i**2 - 2*i. Let w be m(n). Suppose w = -3*s - 9 - 0. Determine t(s).
8
Let k(o) = o**3 + 8*o**2 + o + 5. Let p be k(-8). Let v(s) = -4*s**2 + 10*s. Let h(i) = -i**2 + 3*i. Let r(j) = 7*h(j) - 2*v(j). Calculate r(p).
6
Let d be -7 + -2 + 4 - 1. Let z(y) = -y**3 - 5*y**2 + 5*y - 1. Determine z(d).
5
Suppose p = -1 - 0. Let k(b) = -10*b**2 + b. Determine k(p).
-11
Let a(h) = -h + 4. Let g(i) = -i**2 + i - 1. Let k be g(2). Let w = -5 - -3. Let m(j) = j - 3. Let l(f) = k*m(f) + w*a(f). What is l(-3)?
4
Let q(w) = w**2 + w - 3. Let s(b) = 2*b**2 + 0*b**2 + 4*b - b**2 - 3. Suppose 0*r + 12 = -3*r. Let l be s(r). Calculate q(l).
3
Let r(z) be the second derivative of z**5/20 - z**3/6 - 5*z**2/2 - 11*z. Determine r(0).
-5
Let y(a) be the second derivative of -a**3/3 + a**2/2 + 8*a. Calculate y(-2).
5
Let b(y) = y + 5. Let n be b(0). Let i(q) be the third derivative of q**6/120 - q**5/12 - 3*q**2. Calculate i(n).
0
Let n(k) = -121 - k - 125 + 370 - 125. Suppose 4*d + 0*d - 2*h - 2 = 0, 4*h = -3*d + 7. What is n(d)?
-2
Let d be (-1*2)/(2/5). Let u(y) be the second derivative of -y**5/20 - 5*y**4/12 - y**3/6 - 5*y**2/2 - 39*y + 2. Determine u(d).
0
Suppose 0 = i + i - 6. Let p = 6 - i. Let j(b) = b**2 - 4. What is j(p)?
5
Let x be (8/8)/(1/9). Let y(s) = -s - x + 2*s + 0*s. What is y(4)?
-5
Let h(j) be the first derivative of j**3/3 + 3*j**2 - 8*j + 1. Suppose -2*m + 5*m = -21. Calculate h(m).
-1
Let g(d) = d**3 - d**2 - d + 2. Suppose -57 + 51 = -3*c. Calculate g(c).
4
Suppose 5*m = -12 + 27. Let b(o) = 3 - 2*o + o**2 - 3 - 2. What is b(m)?
1
Let i(v) = 4 - 3 + 0*v + v. Give i(-6).
-5
Let g(l) = -15*l + 13. Let v(x) = 2*x - 4*x + 9*x - 6. Suppose 0*d + 3*d = -12. Let n(q) = d*g(q) - 9*v(q). What is n(-2)?
8
Let z(u) be the first derivative of -u + 3*u**2 + 2*u + 2 - u**2. Let n(f) = f**2. Let o be n(-1). Determine z(o).
5
Let t(k) = -k**3 - 4*k**2 - 3*k - 1. Suppose 0 = 8*b - 9*b - 3. Let g be 2/8 - (-7)/4. Let v be (g - 1)*(0 + b). What is t(v)?
-1
Suppose 5*l - 10 = t + 10, -35 = -5*l + 4*t. Let v = -10 + l. Let y = -3 - v. Let x(d) = -d**3 + 3*d**2 + 6*d - 5. Determine x(y).
3
Let o(m) = -m**3 + 4*m**2 + 4*m + 5. Let x = -7 - -12. Give o(x).
0
Let p(q) = -6*q**2 - 5*q - 3. Let j(y) = 5*y**2 + 5*y + 3. Let r(b) = -5*j(b) - 4*p(b). Calculate r(-6).
-9
Let g(j) be the second derivative of -j**5/20 + j**4/3 - j**3/3 + j**2 + 10*j. Suppose -s = 1 - 3. Determine g(s).
6
Let g = -6 - -8. Let k(r) = -1 + 0*r - g*r + r. Let q(v) = 6*v + 4. Let m(i) = -5*k(i) - q(i). Give m(-5).
6
Let t(u) = -4*u**2 - 11*u - 9. Let b(i) be the first derivative of -5*i**3/3 - 6*i**2 - 10*i + 4. Let c(s) = 5*b(s) - 6*t(s). What is c(4)?
12
Let o(u) be the second derivative of -u**3/6 - u**2 + 23*u. Give o(-7).
5
Let f(n) = -7*n**2 - 13*n. Let r(m) = -13*m**2 - 25*m - 1. Let p(c) = -11*f(c) + 6*r(c). Give p(-6).
0
Let y(c) = 2*c + 0*c + 2 - c. Let o be y(-2). Let x(g) = g - 1. What is x(o)?
-1
Let k(v) = 0*v + 2 + 2 + 2*v. Let s = 9 - 14. Give k(s).
-6
Let r(v) = -v**3 - 7*v**2 - 6*v + 2. Let h be r(-6). Let u(t) = t - h*t + 80 - 76. What is u(0)?
4
Let m(d) = -3*d - 5. Let j(l) = 4*l + 6. Let o(v) = 4*j(v) + 5*m(v). Let t(u) = u + 6. Let y be t(-8). Give o(y).
-3
Suppose -8 = 3*c - 20. Suppose -c*m - m + 15 = 0. Let d(f) = -f - 4 + m + 3. Determine d(5).
-3
Let a(c) be the first derivative of c**3/3 - 5*c**2 + 5*c + 1. Give a(4).
-19
Let j = 3 - -5. Let a(z) = -z**3 + 8*z**2 - 2. Determine a(j).
-2
Let c(t) = -7*t**3 - t**3 - 1 + t**3. Suppose 0 = -4*w + 16, 0*w = -5*m + 3*w - 17. Determine c(m).
6
Suppose 2*u = -3*u + 25. Let g(j) = 5 - 9*j - u - 5 + 8*j. Determine g(-4).
-1
Let k(h) = -h**3 + h**2 + 5. Let c be k(0). Let j = c - 5. Let n(q) = -q**3 + q**2 - q + 2. Give n(j).
2
Let x(r) = -2*r - 20*r**2 + 16*r**2 + r - 1. What is x(-1)?
-4
Let m(w) be the second derivative of -w**4/12 + 2*w**3/3 - 3*w**2/2 + 11*w. Give m(4).
-3
Let g = -7 - -8. Suppose -3*b + 15 = -3. Let d(s) = 3 - 2*s + 2 - b. Give d(g).
-3
Suppose i = -61 + 58. Let g(b) = 3*b**2 + 4*b + 6. Let d(x) = 4*x**2 + 5*x + 7. Let m(u) = -2*d(u) + 3*g(u). What is m(i)?
7
Let w(l) be the first derivative of -l**3/3 - l**2 + 4*l + 24. Suppose 0*b - 10 = 5*b. Let p be (-2 + 0)*(-3)/b. Calculate w(p).
1
Let d(i) be the third derivative of -i**4/8 + i**3/6 - i**2. Let r = -31 + 30. Calculate d(r).
4
Let p(i) = -i**2 + 2*i - 4. Let d be p(3). Let c = -5 - d. Let v(f) = 2*f**3 - 3*f - c + 0*f**2 - f**2 - f**3. Calculate v(-2).
-8
Let x(m) = -9*m - 3. Let j(u) = -4 - 26*u + 3 - 5 - 3. Let d(t) = -6*j(t) + 17*x(t). Determine d(-3).
-6
Let b(r) be the second derivative of r**5/120 - r**4/24 - r**3 - 6*r. Let y(f) be the second derivative of b(f). Calculate y(-5).
-6
Let x(t) = 2*t**2 + 4*t - 1. Let q(p) = -p**2 + 8*p - 7. Let k be q(6). Suppose 5 = 2*j - k. Let u be 0 + (4/2 - j). Calculate x(u).
5
Suppose 7*y = 6*y - 17. Let w = 27 + y. Let s(l) = w*l**2 + l**3 - l - 5*l**2 - l - 2*l**2 + 3. Calculate s(-4).
-5
Suppose -g + 2*r = -1, -6*r + 3*r + 1 = -4*g. Let h(a) be the third derivative of 0 + 1/6*a**3 - 1/12*a**5 + 0*a + 1/24*a**4 + a**2. Determine h(g).
-5
Let j(n) = 5*n - 2. Suppose 5*x = -x + 12. What is j(x)?
8
Let c(y) = -y**2 - 3*y + 4. Suppose 0 = 4*h - 3*h. Suppose h = -2*q - 5*d - 35, 0 = q - 5*q - 3*d - 35. What is c(q)?
-6
Let f(o) = 5*o**3 - 31*o**2 - 20*o - 5. Let n = 0 - -2. Let w(g) = -g**3 + 6*g**2 + 4*g + 1. Let m(q) = n*f(q) + 11*w(q). Calculate m(5).
-4
Let j(f) be the third derivative of -1/6*f**3 - 1/120*f**6 + 0*f + 0 + 1/12*f**4 - 1/60*f**5 + f**2. Determine j(-2).
-1
Let x be 1/1*2/2. Let k(a) be the second derivative of -a**6/360 + a**5/120 - 5*a**4/12 + 4*a. Let t(z) be the third derivative of k(z). What is t(x)?
-1
Let m(x) = 2*x - 1. Suppose 0 = -z - 4 - 4. Let